{"id":1748,"date":"2023-12-28T15:33:28","date_gmt":"2023-12-28T14:33:28","guid":{"rendered":"https:\/\/gtloc.fr\/?post_type=product&#038;p=1748"},"modified":"2024-01-24T09:57:18","modified_gmt":"2024-01-24T08:57:18","slug":"nacelle-articulee-za10rje","status":"publish","type":"product","link":"https:\/\/gtloc.fr\/index.php\/produit\/nacelle-articulee-za10rje\/","title":{"rendered":"Nacelle articul\u00e9e ZA10RJE"},"content":{"rendered":"<h2><strong><span class=\"OYPEnA text-decoration-none text-strikethrough-none\">Caract\u00e9ristiques<\/span><\/strong><\/h2>\n<p>&nbsp;<\/p>\n<p class=\"cvGsUA direction-ltr align-start para-style-body\"><span class=\"OYPEnA text-decoration-none text-strikethrough-none\">Klaxon<\/span><\/p>\n<p class=\"cvGsUA direction-ltr align-start para-style-body\"><span class=\"OYPEnA text-decoration-none text-strikethrough-none\">Alarmes anti-basculement Commandes proportionnelles Flash de signalisation<\/span><\/p>\n<p class=\"cvGsUA direction-ltr align-justify para-style-body\"><span class=\"OYPEnA text-decoration-none text-strikethrough-none\">Mise \u00e0 niveau automatique panier Bouton d&#8217;arr\u00eat d&#8217;urgence<\/span><\/p>\n<p class=\"cvGsUA direction-ltr align-start para-style-body\"><span class=\"OYPEnA text-decoration-none text-strikethrough-none\">Alarme de d\u00e9vers<\/span><\/p>\n<p class=\"cvGsUA direction-ltr align-start para-style-body\"><span class=\"OYPEnA text-decoration-none text-strikethrough-none\">Ecran 4,3&#8242; Led<\/span><\/p>\n<p class=\"cvGsUA direction-ltr align-start para-style-body\"><span class=\"OYPEnA text-decoration-none text-strikethrough-none\">Capteur de poids<\/span><\/p>\n<p class=\"cvGsUA direction-ltr align-start para-style-body\"><span class=\"OYPEnA text-decoration-none text-strikethrough-none\">Horam\u00e8tre<\/span><\/p>\n<p class=\"cvGsUA direction-ltr align-start para-style-body\"><span class=\"OYPEnA text-decoration-none text-strikethrough-none\">Syst\u00e8me de descente nacelle de secours Syst\u00e8me de diagnostique embarqu\u00e9<\/span><\/p>\n<p class=\"cvGsUA direction-ltr align-start para-style-body\"><span class=\"OYPEnA text-decoration-none text-strikethrough-none\">Portillon panier \u00e0 fermeture automatique Pneu r\u00e9sistant et sans soudure<\/span><\/p>\n<p class=\"cvGsUA direction-ltr align-start para-style-body\"><span class=\"OYPEnA text-decoration-none text-strikethrough-none\">Rotation du JIB<\/span><\/p>\n<p class=\"cvGsUA direction-ltr align-start para-style-body\"><span class=\"OYPEnA text-decoration-none text-strikethrough-none\">Fonction de levage vertical<\/span><\/p>\n<p class=\"cvGsUA direction-ltr align-start para-style-body\"><span class=\"OYPEnA text-decoration-none text-strikethrough-none\">Ajustement de la direction par joystick Chargeur de 35 A pour un chargement rapide Information niveau de charge de la batterie Protection contre la sous-charge<\/span><\/p>\n<p>&nbsp;<\/p>\n<h2><strong><span class=\"OYPEnA text-decoration-none text-strikethrough-none\">LES POINTS FORTS<\/span><\/strong><\/h2>\n<p>&nbsp;<\/p>\n<p class=\"cvGsUA direction-ltr align-start para-style-body\"><span class=\"OYPEnA text-decoration-none text-strikethrough-none\">Disposition centrale, rigidit\u00e9 de la structure et faible d\u00e9formation<\/span><\/p>\n<p class=\"cvGsUA direction-ltr align-start para-style-body\"><span class=\"OYPEnA text-decoration-none text-strikethrough-none\">Le double syst\u00e8me de contr\u00f4le (par distributeur et pompe) offre des \u00e9conomies<\/span><\/p>\n<p class=\"cvGsUA direction-ltr align-start para-style-body\"><span class=\"OYPEnA text-decoration-none text-strikethrough-none\">d&#8217;\u00e9nergie et une tr\u00e8s bonne souplesse d&#8217;utilisation<\/span><\/p>\n<p class=\"cvGsUA direction-rtl align-start para-style-body\">\n<p class=\"cvGsUA direction-ltr align-start para-style-body\"><span class=\"OYPEnA text-decoration-none text-strikethrough-none\">Le JIB avec une rotation de +\/- 90\u02da am\u00e9liore l&#8217;utilisation<\/span><\/p>\n<p class=\"cvGsUA direction-ltr align-start para-style-body\"><span class=\"OYPEnA text-decoration-none text-strikethrough-none\">Dimensions compactes, largeur de seulement<\/span><\/p>\n<p class=\"cvGsUA direction-ltr align-start para-style-body\"><span class=\"OYPEnA text-decoration-none text-strikethrough-none\">1.19 m\u00e8tres, rotation sans d\u00e9port<\/span><\/p>\n<p class=\"cvGsUA direction-rtl align-start para-style-body\">\n<p class=\"cvGsUA direction-ltr align-end para-style-body\"><span class=\"OYPEnA text-decoration-none text-strikethrough-none\">Batterie optimis\u00e9e pour une utilisation<\/span><\/p>\n<p class=\"cvGsUA direction-ltr align-end para-style-body\"><span class=\"OYPEnA text-decoration-none text-strikethrough-none\">prolong\u00e9es et une maintenance facilit\u00e9<\/span><\/p>\n<p>&nbsp;<\/p>\n<h2><strong><span class=\"OYPEnA text-decoration-none text-strikethrough-none\">Options et accessoires<\/span><\/strong><\/h2>\n<p>&nbsp;<\/p>\n<p class=\"cvGsUA direction-ltr align-start para-style-body\"><span class=\"OYPEnA text-decoration-none text-strikethrough-none\">Phare de travail sur la plateforme<\/span><\/p>\n<p class=\"cvGsUA direction-ltr align-start para-style-body\"><span class=\"OYPEnA text-decoration-none text-strikethrough-none\">Prise \u00e9lectrique sur la plateforme 220v ac via rallonge int\u00e9gr\u00e9e Connecteur pneumatique sur la plateforme via rallonge int\u00e9gr\u00e9e Huile hydraulique basse temp\u00e9rature<\/span><\/p>\n<p class=\"cvGsUA direction-ltr align-start para-style-body\"><span class=\"OYPEnA text-decoration-none text-strikethrough-none\">Pompe auxiliaire \u00e9lectrique<\/span><\/p>\n<p class=\"cvGsUA direction-ltr align-justify para-style-body\"><span class=\"OYPEnA text-decoration-none text-strikethrough-none\">Couvercle de console panier (ajustement de la capacit\u00e9 \u00e0 210 kg) Huile hydraulique bio-d\u00e9gradable<\/span><\/p>\n","protected":false},"excerpt":{"rendered":"<p>Caract\u00e9ristiques &nbsp; Klaxon Alarmes anti-basculement Commandes proportionnelles Flash de signalisation Mise \u00e0 niveau automatique panier Bouton d&#8217;arr\u00eat d&#8217;urgence Alarme de d\u00e9vers Ecran 4,3&#8242; Led Capteur de poids Horam\u00e8tre Syst\u00e8me de descente nacelle de secours Syst\u00e8me de diagnostique embarqu\u00e9 Portillon panier \u00e0 fermeture automatique Pneu r\u00e9sistant et sans soudure Rotation du JIB Fonction de levage vertical [&hellip;]<\/p>\n","protected":false},"featured_media":1747,"template":"","meta":{"_acf_changed":false},"product_brand":[],"product_cat":[21],"product_tag":[],"class_list":{"0":"post-1748","1":"product","2":"type-product","3":"status-publish","4":"has-post-thumbnail","6":"product_cat-zero-emission","8":"first","9":"instock","10":"featured","11":"shipping-taxable","12":"purchasable","13":"product-type-simple"},"acf":[],"yoast_head":"<!-- This site is optimized with the Yoast SEO plugin v27.5 - https:\/\/yoast.com\/product\/yoast-seo-wordpress\/ -->\n<title>Nacelle articul\u00e9e ZA10RJE - gtloc<\/title>\n<meta name=\"description\" content=\"Nacelle articul\u00e9e \u00e9lectrique de 12m, alliant compacit\u00e9 et efficacit\u00e9 pour vos travaux en hauteur. Polyvalente elle allie maniabilit\u00e9 et s\u00e9curit\u00e9 pour des interventions pr\u00e9cises sur divers chantiers.\" \/>\n<meta name=\"robots\" content=\"index, follow, max-snippet:-1, max-image-preview:large, max-video-preview:-1\" \/>\n<link rel=\"canonical\" href=\"https:\/\/gtloc.fr\/index.php\/produit\/nacelle-articulee-za10rje\/\" \/>\n<meta property=\"og:locale\" content=\"fr_FR\" \/>\n<meta property=\"og:type\" content=\"article\" \/>\n<meta property=\"og:title\" content=\"Nacelle articul\u00e9e ZA10RJE - gtloc\" \/>\n<meta property=\"og:description\" content=\"Nacelle articul\u00e9e \u00e9lectrique de 12m, alliant compacit\u00e9 et efficacit\u00e9 pour vos travaux en hauteur. Polyvalente elle allie maniabilit\u00e9 et s\u00e9curit\u00e9 pour des interventions pr\u00e9cises sur divers chantiers.\" \/>\n<meta property=\"og:url\" content=\"https:\/\/gtloc.fr\/index.php\/produit\/nacelle-articulee-za10rje\/\" \/>\n<meta property=\"og:site_name\" content=\"gtloc\" \/>\n<meta property=\"article:modified_time\" content=\"2024-01-24T08:57:18+00:00\" \/>\n<meta property=\"og:image\" content=\"https:\/\/gtloc.fr\/wp-content\/uploads\/2023\/12\/ZA10RJE-\u53f3\u540e45\u5ea6.png\" \/>\n\t<meta property=\"og:image:width\" content=\"4000\" \/>\n\t<meta property=\"og:image:height\" content=\"2933\" \/>\n\t<meta property=\"og:image:type\" content=\"image\/png\" \/>\n<meta name=\"twitter:card\" content=\"summary_large_image\" \/>\n<meta name=\"twitter:label1\" content=\"Dur\u00e9e de lecture estim\u00e9e\" \/>\n\t<meta name=\"twitter:data1\" content=\"1 minute\" \/>\n<script type=\"application\/ld+json\" class=\"yoast-schema-graph\">{\"@context\":\"https:\\\/\\\/schema.org\",\"@graph\":[{\"@type\":\"WebPage\",\"@id\":\"https:\\\/\\\/gtloc.fr\\\/index.php\\\/produit\\\/nacelle-articulee-za10rje\\\/\",\"url\":\"https:\\\/\\\/gtloc.fr\\\/index.php\\\/produit\\\/nacelle-articulee-za10rje\\\/\",\"name\":\"Nacelle articul\u00e9e ZA10RJE - gtloc\",\"isPartOf\":{\"@id\":\"https:\\\/\\\/gtloc.fr\\\/#website\"},\"primaryImageOfPage\":{\"@id\":\"https:\\\/\\\/gtloc.fr\\\/index.php\\\/produit\\\/nacelle-articulee-za10rje\\\/#primaryimage\"},\"image\":{\"@id\":\"https:\\\/\\\/gtloc.fr\\\/index.php\\\/produit\\\/nacelle-articulee-za10rje\\\/#primaryimage\"},\"thumbnailUrl\":\"https:\\\/\\\/gtloc.fr\\\/wp-content\\\/uploads\\\/2023\\\/12\\\/ZA10RJE-\u53f3\u540e45\u5ea6.png\",\"datePublished\":\"2023-12-28T14:33:28+00:00\",\"dateModified\":\"2024-01-24T08:57:18+00:00\",\"description\":\"Nacelle articul\u00e9e \u00e9lectrique de 12m, alliant compacit\u00e9 et efficacit\u00e9 pour vos travaux en hauteur. Polyvalente elle allie maniabilit\u00e9 et s\u00e9curit\u00e9 pour des interventions pr\u00e9cises sur divers chantiers.\",\"breadcrumb\":{\"@id\":\"https:\\\/\\\/gtloc.fr\\\/index.php\\\/produit\\\/nacelle-articulee-za10rje\\\/#breadcrumb\"},\"inLanguage\":\"fr-FR\",\"potentialAction\":[{\"@type\":\"ReadAction\",\"target\":[\"https:\\\/\\\/gtloc.fr\\\/index.php\\\/produit\\\/nacelle-articulee-za10rje\\\/\"]}]},{\"@type\":\"ImageObject\",\"inLanguage\":\"fr-FR\",\"@id\":\"https:\\\/\\\/gtloc.fr\\\/index.php\\\/produit\\\/nacelle-articulee-za10rje\\\/#primaryimage\",\"url\":\"https:\\\/\\\/gtloc.fr\\\/wp-content\\\/uploads\\\/2023\\\/12\\\/ZA10RJE-\u53f3\u540e45\u5ea6.png\",\"contentUrl\":\"https:\\\/\\\/gtloc.fr\\\/wp-content\\\/uploads\\\/2023\\\/12\\\/ZA10RJE-\u53f3\u540e45\u5ea6.png\",\"width\":4000,\"height\":2933},{\"@type\":\"BreadcrumbList\",\"@id\":\"https:\\\/\\\/gtloc.fr\\\/index.php\\\/produit\\\/nacelle-articulee-za10rje\\\/#breadcrumb\",\"itemListElement\":[{\"@type\":\"ListItem\",\"position\":1,\"name\":\"Accueil\",\"item\":\"https:\\\/\\\/gtloc.fr\\\/\"},{\"@type\":\"ListItem\",\"position\":2,\"name\":\"Boutique\",\"item\":\"https:\\\/\\\/gtloc.fr\\\/index.php\\\/boutique\\\/\"},{\"@type\":\"ListItem\",\"position\":3,\"name\":\"Nacelle articul\u00e9e ZA10RJE\"}]},{\"@type\":\"WebSite\",\"@id\":\"https:\\\/\\\/gtloc.fr\\\/#website\",\"url\":\"https:\\\/\\\/gtloc.fr\\\/\",\"name\":\"gtloc\",\"description\":\"\",\"publisher\":{\"@id\":\"https:\\\/\\\/gtloc.fr\\\/#organization\"},\"potentialAction\":[{\"@type\":\"SearchAction\",\"target\":{\"@type\":\"EntryPoint\",\"urlTemplate\":\"https:\\\/\\\/gtloc.fr\\\/?s={search_term_string}\"},\"query-input\":{\"@type\":\"PropertyValueSpecification\",\"valueRequired\":true,\"valueName\":\"search_term_string\"}}],\"inLanguage\":\"fr-FR\"},{\"@type\":\"Organization\",\"@id\":\"https:\\\/\\\/gtloc.fr\\\/#organization\",\"name\":\"gtloc\",\"url\":\"https:\\\/\\\/gtloc.fr\\\/\",\"logo\":{\"@type\":\"ImageObject\",\"inLanguage\":\"fr-FR\",\"@id\":\"https:\\\/\\\/gtloc.fr\\\/#\\\/schema\\\/logo\\\/image\\\/\",\"url\":\"https:\\\/\\\/gtloc.fr\\\/wp-content\\\/uploads\\\/2023\\\/09\\\/GT-Loc_logo_long-01-1-sans-fond.png\",\"contentUrl\":\"https:\\\/\\\/gtloc.fr\\\/wp-content\\\/uploads\\\/2023\\\/09\\\/GT-Loc_logo_long-01-1-sans-fond.png\",\"width\":6193,\"height\":2953,\"caption\":\"gtloc\"},\"image\":{\"@id\":\"https:\\\/\\\/gtloc.fr\\\/#\\\/schema\\\/logo\\\/image\\\/\"}}]}<\/script>\n<!-- \/ Yoast SEO plugin. -->","yoast_head_json":{"title":"Nacelle articul\u00e9e ZA10RJE - gtloc","description":"Nacelle articul\u00e9e \u00e9lectrique de 12m, alliant compacit\u00e9 et efficacit\u00e9 pour vos travaux en hauteur. Polyvalente elle allie maniabilit\u00e9 et s\u00e9curit\u00e9 pour des interventions pr\u00e9cises sur divers chantiers.","robots":{"index":"index","follow":"follow","max-snippet":"max-snippet:-1","max-image-preview":"max-image-preview:large","max-video-preview":"max-video-preview:-1"},"canonical":"https:\/\/gtloc.fr\/index.php\/produit\/nacelle-articulee-za10rje\/","og_locale":"fr_FR","og_type":"article","og_title":"Nacelle articul\u00e9e ZA10RJE - gtloc","og_description":"Nacelle articul\u00e9e \u00e9lectrique de 12m, alliant compacit\u00e9 et efficacit\u00e9 pour vos travaux en hauteur. Polyvalente elle allie maniabilit\u00e9 et s\u00e9curit\u00e9 pour des interventions pr\u00e9cises sur divers chantiers.","og_url":"https:\/\/gtloc.fr\/index.php\/produit\/nacelle-articulee-za10rje\/","og_site_name":"gtloc","article_modified_time":"2024-01-24T08:57:18+00:00","og_image":[{"width":4000,"height":2933,"url":"https:\/\/gtloc.fr\/wp-content\/uploads\/2023\/12\/ZA10RJE-\u53f3\u540e45\u5ea6.png","type":"image\/png"}],"twitter_card":"summary_large_image","twitter_misc":{"Dur\u00e9e de lecture estim\u00e9e":"1 minute"},"schema":{"@context":"https:\/\/schema.org","@graph":[{"@type":"WebPage","@id":"https:\/\/gtloc.fr\/index.php\/produit\/nacelle-articulee-za10rje\/","url":"https:\/\/gtloc.fr\/index.php\/produit\/nacelle-articulee-za10rje\/","name":"Nacelle articul\u00e9e ZA10RJE - gtloc","isPartOf":{"@id":"https:\/\/gtloc.fr\/#website"},"primaryImageOfPage":{"@id":"https:\/\/gtloc.fr\/index.php\/produit\/nacelle-articulee-za10rje\/#primaryimage"},"image":{"@id":"https:\/\/gtloc.fr\/index.php\/produit\/nacelle-articulee-za10rje\/#primaryimage"},"thumbnailUrl":"https:\/\/gtloc.fr\/wp-content\/uploads\/2023\/12\/ZA10RJE-\u53f3\u540e45\u5ea6.png","datePublished":"2023-12-28T14:33:28+00:00","dateModified":"2024-01-24T08:57:18+00:00","description":"Nacelle articul\u00e9e \u00e9lectrique de 12m, alliant compacit\u00e9 et efficacit\u00e9 pour vos travaux en hauteur. Polyvalente elle allie maniabilit\u00e9 et s\u00e9curit\u00e9 pour des interventions pr\u00e9cises sur divers chantiers.","breadcrumb":{"@id":"https:\/\/gtloc.fr\/index.php\/produit\/nacelle-articulee-za10rje\/#breadcrumb"},"inLanguage":"fr-FR","potentialAction":[{"@type":"ReadAction","target":["https:\/\/gtloc.fr\/index.php\/produit\/nacelle-articulee-za10rje\/"]}]},{"@type":"ImageObject","inLanguage":"fr-FR","@id":"https:\/\/gtloc.fr\/index.php\/produit\/nacelle-articulee-za10rje\/#primaryimage","url":"https:\/\/gtloc.fr\/wp-content\/uploads\/2023\/12\/ZA10RJE-\u53f3\u540e45\u5ea6.png","contentUrl":"https:\/\/gtloc.fr\/wp-content\/uploads\/2023\/12\/ZA10RJE-\u53f3\u540e45\u5ea6.png","width":4000,"height":2933},{"@type":"BreadcrumbList","@id":"https:\/\/gtloc.fr\/index.php\/produit\/nacelle-articulee-za10rje\/#breadcrumb","itemListElement":[{"@type":"ListItem","position":1,"name":"Accueil","item":"https:\/\/gtloc.fr\/"},{"@type":"ListItem","position":2,"name":"Boutique","item":"https:\/\/gtloc.fr\/index.php\/boutique\/"},{"@type":"ListItem","position":3,"name":"Nacelle articul\u00e9e ZA10RJE"}]},{"@type":"WebSite","@id":"https:\/\/gtloc.fr\/#website","url":"https:\/\/gtloc.fr\/","name":"gtloc","description":"","publisher":{"@id":"https:\/\/gtloc.fr\/#organization"},"potentialAction":[{"@type":"SearchAction","target":{"@type":"EntryPoint","urlTemplate":"https:\/\/gtloc.fr\/?s={search_term_string}"},"query-input":{"@type":"PropertyValueSpecification","valueRequired":true,"valueName":"search_term_string"}}],"inLanguage":"fr-FR"},{"@type":"Organization","@id":"https:\/\/gtloc.fr\/#organization","name":"gtloc","url":"https:\/\/gtloc.fr\/","logo":{"@type":"ImageObject","inLanguage":"fr-FR","@id":"https:\/\/gtloc.fr\/#\/schema\/logo\/image\/","url":"https:\/\/gtloc.fr\/wp-content\/uploads\/2023\/09\/GT-Loc_logo_long-01-1-sans-fond.png","contentUrl":"https:\/\/gtloc.fr\/wp-content\/uploads\/2023\/09\/GT-Loc_logo_long-01-1-sans-fond.png","width":6193,"height":2953,"caption":"gtloc"},"image":{"@id":"https:\/\/gtloc.fr\/#\/schema\/logo\/image\/"}}]}},"_links":{"self":[{"href":"https:\/\/gtloc.fr\/index.php\/wp-json\/wp\/v2\/product\/1748","targetHints":{"allow":["GET"]}}],"collection":[{"href":"https:\/\/gtloc.fr\/index.php\/wp-json\/wp\/v2\/product"}],"about":[{"href":"https:\/\/gtloc.fr\/index.php\/wp-json\/wp\/v2\/types\/product"}],"version-history":[{"count":1,"href":"https:\/\/gtloc.fr\/index.php\/wp-json\/wp\/v2\/product\/1748\/revisions"}],"predecessor-version":[{"id":1752,"href":"https:\/\/gtloc.fr\/index.php\/wp-json\/wp\/v2\/product\/1748\/revisions\/1752"}],"wp:featuredmedia":[{"embeddable":true,"href":"https:\/\/gtloc.fr\/index.php\/wp-json\/wp\/v2\/media\/1747"}],"wp:attachment":[{"href":"https:\/\/gtloc.fr\/index.php\/wp-json\/wp\/v2\/media?parent=1748"}],"wp:term":[{"taxonomy":"product_brand","embeddable":true,"href":"https:\/\/gtloc.fr\/index.php\/wp-json\/wp\/v2\/product_brand?post=1748"},{"taxonomy":"product_cat","embeddable":true,"href":"https:\/\/gtloc.fr\/index.php\/wp-json\/wp\/v2\/product_cat?post=1748"},{"taxonomy":"product_tag","embeddable":true,"href":"https:\/\/gtloc.fr\/index.php\/wp-json\/wp\/v2\/product_tag?post=1748"}],"curies":[{"name":"wp","href":"https:\/\/api.w.org\/{rel}","templated":true}]}}